s s(6)?
-21
Let k(o) = o**2 + 6*o - 3. Calculate k(-7).
4
Let i(f) = -f**2 - 3*f - 5. Calculate i(-5).
-15
Let d(x) = -4*x**2 + 46*x - 45. Determine d(1).
-3
Let h(r) = -4*r - 26. Give h(-9).
10
Let t(l) = -l**2 + 9*l - 9. What is t(6)?
9
Let q(h) = h**2 + 10*h - 4. What is q(-10)?
-4
Let u(q) = -2*q**2 + q - 3. What is u(4)?
-31
Let z(t) = -2*t**2 - 12*t + 9. Give z(-7).
-5
Let b(w) = w**2 - 31. Determine b(7).
18
Let x(j) = 2*j + 22. Determine x(-12).
-2
Let m(l) = -l**3 + 10*l**2 - 21*l - 10. Determine m(7).
-10
Let w(t) = -t**2 + 17*t - 61. Calculate w(6).
5
Let n(g) = g**2 + 4*g. What is n(-6)?
12
Let r(z) = 8*z**2 + 49*z + 15. Calculate r(-6).
9
Let a(v) = 2*v - 33. Determine a(10).
-13
Let n(b) = b**3 - 2*b**2 - 17*b + 11. Give n(5).
1
Let k(n) = 3*n**2 + 10*n + 18. Give k(-4).
26
Let k(l) = -9*l - 3. What is k(5)?
-48
Let g(f) = -f**3 + 7*f**2 - 2*f + 34. What is g(7)?
20
Let u(l) = 6*l**2 - 13*l + 4. What is u(4)?
48
Let l(r) = -6*r + 5. Determine l(-1).
11
Let w(a) = 4*a - 5. Give w(3).
7
Let r(n) = n**2 + 15*n - 20. Determine r(-16).
-4
Let d(h) = -4*h - 19. Calculate d(-3).
-7
Let j(x) = -x**2 + 11*x - 16. What is j(8)?
8
Let d(i) = i**2 + 8*i - 4. What is d(-9)?
5
Let y(m) = -m**3 + 16*m**2 + 16*m + 7. What is y(17)?
-10
Let x(q) = q**2 + 6*q - 9. Give x(-7).
-2
Let b(w) = w**2 + 7*w + 1. Calculate b(-5).
-9
Let u(h) = -h**3 - 8*h**2 - 2*h - 7. Determine u(-8).
9
Let z(q) = -q**2 - q + 7. What is z(3)?
-5
Let u(h) = h**2 + 32. Determine u(0).
32
Let t(d) = d**3 - 9*d**2 + 10*d - 4. Give t(8).
12
Let y(p) = p**2 + 13*p + 3. Give y(-18).
93
Let u(g) = 2*g**2 - 17*g - 364. Determine u(-10).
6
Let q(x) = -x**2 - 12*x + 6. Calculate q(-13).
-7
Let t(r) = -r**3 - 44*r**2 + 6*r + 265. Give t(-44).
1
Let f(r) = -r**2 - 10*r + 7. Determine f(-6).
31
Let q(c) = -10*c**3 + 2*c**2 + c - 1. What is q(-1)?
10
Let i(o) = -o**2 - 4*o + 15. Determine i(-6).
3
Let c(z) = z**3 + 13*z**2 - 2*z + 17. Give c(-13).
43
Let k(s) = -20*s**2. Give k(2).
-80
Let a(d) = -4*d + 6. What is a(5)?
-14
Let b(t) = -t**3 - 6*t**2 - 2*t - 3. Calculate b(-6).
9
Let w(m) = m**3 + 8*m**2 + 14*m + 10. Determine w(-5).
15
Let q(u) = -3*u - 40. Calculate q(-14).
2
Let a(n) = -4*n + 7. Give a(13).
-45
Let a(b) = -8*b + 12. Determine a(-8).
76
Let h(f) = -17*f - 88. What is h(-5)?
-3
Let x(o) = -2*o + 8. What is x(7)?
-6
Let c(t) = 6*t + 39. Determine c(-10).
-21
Let s(h) = h**3 + 15*h**2 + 23*h - 10. Calculate s(-13).
29
Let a(n) = -247*n + 2723. What is a(11)?
6
Let f(d) = -3*d + 7. What is f(6)?
-11
Let c(w) = 3*w**2 - 8*w + 7. Calculate c(5).
42
Let d(r) = r**3 + r - 10. Determine d(0).
-10
Let u(k) = -k**3 + 8*k**2 - 8*k + 10. What is u(5)?
45
Let q(x) = x**3 - 3*x**2 - 11*x - 6. Give q(5).
-11
Let z(i) = 3*i**2 + 20*i. What is z(-6)?
-12
Let w(g) = 2*g - 18. What is w(17)?
16
Let m(n) = 3*n**2 + 12*n - 8. Determine m(-5).
7
Let h(c) = 21*c - 109. Calculate h(5).
-4
Let l(p) = -8*p + 13. Give l(6).
-35
Let o(t) = 7*t + 2. What is o(5)?
37
Let p(g) = -g**3 - 5*g**2 + 5*g + 3. Give p(-4).
-33
Let w(r) = 28*r**2 - r. Calculate w(-1).
29
Let x(j) = j**2 - 27*j + 23. Calculate x(13).
-159
Let z(x) = 2*x - 2. Determine z(-19).
-40
Let v(a) = 2*a**3 + 6*a**2 - 4*a + 5. Calculate v(-4).
-11
Let o(u) = 8*u + 174. What is o(-19)?
22
Let n(o) = o**3 - 2*o**2 + 2*o. Determine n(4).
40
Let w(p) = -p**3 - 6*p**2 - 3*p + 7. Give w(-4).
-13
Let m(o) = -7*o - 91. Give m(-17).
28
Let g(b) = -b**2 - 12*b - 21. Give g(-11).
-10
Let n(s) = -s**3 - 8*s**2 - 7*s - 8. What is n(-7)?
-8
Let u(f) = f**3 + 23*f**2 - 25*f - 42. Give u(-24).
-18
Let m(t) = t + 7. Determine m(-7).
0
Let t(j) = j**3 - 23*j**2 - 1. Determine t(23).
-1
Let k(h) = h**3 + 24*h**2 - 25*h - 1. Give k(-25).
-1
Let y(d) = 3*d**2 + d - 2. Give y(-1).
0
Let c(a) = -a**3 + 10*a**2 + 15*a + 22. Give c(12).
-86
Let l(h) = -h**3 - h**2 + 9*h + 5. Determine l(-4).
17
Let w(u) = -u**2 - 15*u - 57. Calculate w(-8).
-1
Let l(r) = -r**3 + r**2 + 3*r + 1. Calculate l(4).
-35
Let y(p) = -p**3 - 4*p**2 - 5*p - 7. Give y(-5).
43
Let k(d) = d**2 + 13*d + 38. What is k(-6)?
-4
Let z(k) = 36*k + 135. Give z(-4).
-9
Let i(a) = a**3 + 10*a**2 + 5*a + 30. Give i(-10).
-20
Let i(g) = g**3 + 3*g**2 + 3. Determine i(0).
3
Let y(x) = -x**2 + 6*x + 10. Calculate y(7).
3
Let u(q) = -4*q + 9. Calculate u(3).
-3
Let i(w) = -w**2 + w + 29. Determine i(0).
29
Let d(p) = -7*p**2 - 2*p - 1. Give d(-1).
-6
Let i(h) = h**3 - 4*h**2 + 6*h - 18. Determine i(6).
90
Let p(q) = q**3 + 27*q**2 - 28*q + 66. Determine p(-28).
66
Let o(u) = -u**2 + 16*u - 30. What is o(14)?
-2
Let s(v) = v**3 - 6*v**2 - 11*v - 2. Determine s(8).
38
Let f(y) = -y**2 + 16*y - 8. What is f(14)?
20
Let d(q) = -16*q**2 + q. Determine d(-1).
-17
Let c(u) = -5*u**3 + 8*u - 5. What is c(2)?
-29
Let u(x) = -22*x - 511. What is u(-23)?
-5
Let i(l) = 3*l - 5. What is i(0)?
-5
Let l(r) = 5*r - 7. Calculate l(-12).
-67
Let s(t) = t**3 - 9*t**2 - 2*t - 13. Calculate s(9).
-31
Let l(n) = 92*n + 831. Determine l(-9).
3
Let n(g) = 7*g - 202. Determine n(28).
-6
Let r(l) = l**2 - l + 1. Give r(3).
7
Let d(l) = -l**2 - 29*l + 80. Give d(-33).
-52
Let m(u) = -3*u**2 + 2*u - 2. Give m(1).
-3
Let q(k) = -8*k - 6. Give q(-2).
10
Let c(h) = -10*h + 85. Determine c(9).
-5
Let n(v) = -v**2 - 3*v + 6. Determine n(-5).
-4
Let f(h) = -h**3 + 9*h**2 + 21*h - 2. Give f(11).
-13
Let v(p) = -4*p + 115. Determine v(28).
3
Let d(m) = 3*m - 12. What is d(0)?
-12
Let j(k) = 7*k. Determine j(6).
42
Let r(j) = 6*j + 15. Give r(-6).
-21
Let p(q) = -q**2 + 7*q + 4. What is p(6)?
10
Let p(u) = 3*u**2 - 2*u - 3. Give p(3).
18
Let t(n) = -4*n**3 - 3*n**2 + n. What is t(2)?
-42
Let v(r) = -23*r**3 + r - 1. Calculate v(1).
-23
Let z(b) = -b**3 + 14*b**2 - 22*b - 22. Determine z(12).
2
Let x(p) = p**3 + 41*p**2 + 9. Give x(-41).
9
Let z(d) = d**2 - 19*d - 19. What is z(20)?
1
Let k(n) = n**2 + 5*n + 1. Give k(-4).
-3
Let v(l) = -l**2 - 2*l + 1. Give v(2).
-7
Let o(a) = -a**2 + 11*a + 35. Determine o(13).
9
Let b(h) = -9*h - 53. Give b(-5).
-8
Let d(f) = f**2 - 12*f + 31. Determine d(8).
-1
Let a(l) = -l**3 - 8*l**2 + 7*l - 5. Calculate a(-9).
13
Let f(n) = -5*n + 25. Calculate f(20).
-75
Let j(g) = -8*g + 1. Calculate j(-1).
9
Let g(v) = -v**2 + 23*v - 34. Determine g(21).
8
Let q(z) = 4*z**2 - z - 1. Give q(-1).
4
Let h(b) = 6*b + 23. Calculate h(-15).
-67
Let i(b) = -b**2 + b + 11. What is i(-7)?
-45
Let n(x) = 7*x**3 - x**2 - x - 1. What is n(-1)?
-8
Let r(f) = 3*f - 17. Give r(4).
-5
Let a(i) = 3*i - 3. What is a(3)?
6
Let u(b) = -b + 14. What is u(6)?
8
Let t(v) = 3*v**2 - 95*v - 128. Determine t(33).
4
Let c(o) = -o**2 - 11*o - 6. Determine c(-9).
12
Let v(i) = -i**3 + 12*i**2 + 45*i - 7. Determine v(15).
-7
Let w(l) = -l**3 + 23*l**2 + 23*l + 24. Give w(24).
0
Let g(r) = r**3 - 6*r**2 + 3*r + 6. Determine g(5).
-4
Let j(h) = -9*h + 148. Determine j(16).
4
Let i(m) = -4*m - 28. Calculate i(-7).
0
Let o(m) = -4*m**2 + 17*m. Give o(4).
4
Let r(v) = -21*v + 5. What is r(2)?
-37
Let j(a) = -a**3 + 12*a**2 - 20*a + 6. Give j(10).
6
Let f(g) = g**2 + 5*g - 12. Determine f(-7).
2
Let l(d) = -d**3 + 89*d**2 - 573*d - 82. What is l(82)?
0
Let y(s) = -s**2 - 6*s - 8. Determine y(6).
-80
Let q(x) = -6*x**2 + 3*x - 4. Determine q(2).
-22
Let y(l) = 2*l**3 - 4*l**2 - 6*l - 5. Calculate y(-2).
-25
Let y(l) = -13*l + 25. What is y(4)?
-27
Let h(k) = k + 18. Calculate h(-23).
-5
Let t(d) = -26*d - 3. What is t(-2)?
49
Let y(c) = c**2 - 5. Give y(-3).
4
Let c(j) = 11*j**2 + 70*j - 3. Determine c(-6).
-27
Let z(m) = 2*m**2 + 23*m - 4. What is z(-12)?
8
Let x(u) = u**3 + u + 39. Determine x(0).
39
Let w(b) = b**3 - 8*b**2 - 11*b + 19. Determine w(9).
1
Let b(k) = k**2 - 13*k - 17. Give b(16).
31
Let h(k) = 5*k + 35. Determine h(-11).
-20
Let g(c) = 6*c**2 - 21*c + 82. Determine g(4).
94
Let a(f) = 3*f**3 + 2*f**2 - 1. Calculate a(1).
4
Let t(d) = -2*d**3 + d**2 + d + 4. What is t(-2)?
22
Let p(z) = 3*z**2 + 3*z + 5. Calculate p(-4).
41
Let w(y) = -5*y - 5. Determine w(3).
-20
Let r(h) = 4*h**3 + 2*h**2 - 1. What is r(-1)?
-3
Let a(i) = i**3 + 6*i**2 - 6. Determine a(-5).
19
Let n(v) = -2*v + 22. What is n(8)?
6
Let g(l) = -l**3 - 6*l**2 + 8*l + 8. Calculate g(-6).
-40
Let v(u) = -u**2 + 6*u - 3. Determine v(4).
5
Let i(w) = -w**3 - 7*w**2